value of 3 + -2 - (27 - 36 - -4)?
6
Evaluate -2 - (0 + -20 + (1 - (-1 - 4))).
12
Evaluate 19 + (-2 - -15 - 5) + -4.
23
-1 - (0 + 6 + -12 - -15 - 3)
-7
Evaluate (-3 - 56 - -21) + -1 + (12 - 2).
-29
Calculate 17 + 14 + -24 + 2 + -22.
-13
What is the value of 0 + 1 + -4 + (4 - 1 - 6)?
-6
What is the value of -8 + 12 + (2 - 10)?
-4
Evaluate 1 - (11 + -7) - (8 - (13 + 1)).
3
What is the value of 2 - -10 - -4 - (289 + -296)?
23
What is the value of (-7 - 1) + 4 + -3 + -5?
-12
Evaluate (45 - 18) + 8 + -18.
17
What is the value of (-211 - -218) + (4 - 21 - -3)?
-7
Evaluate 24 + -24 + 14 + (3 - (-1 - 0)).
18
-1 + 12 - (80 + (-141 - -56))
16
Evaluate 20 + (-35 - -66) - 37.
14
What is the value of -28 + 1 + (-2365 - -2374)?
-18
Evaluate 9 - (12 + -25 + 21 + -1 + 3).
-1
What is 13 + -22 + 14 - -6?
11
1 - (0 + 4 + 0 + -7 + 26)
-22
Evaluate (6 - -8) + -13 + 9.
10
What is 3 - (-16 + -5 - -11)?
13
Evaluate -4 + -7 + -61 + 65.
-7
(-3 - -11) + (3 - 7 - -3) + -8
-1
What is the value of (-18 - (-32 + 39)) + 57?
32
-5 + 21 + -31 - -23
8
(21 - -1) + -1 + 1 + -9
13
0 + -6 - (-106 + 42 - -47)
11
Calculate -10 + 0 - (-28 + 7 - (6 - 25)).
-8
Calculate -15 - ((-20 - (11 + -38)) + -8).
-14
Evaluate -14 + (9 - -17) + -15.
-3
Calculate 0 + 4 + (50 + -56 - (0 + -8)).
6
Calculate (2 - (-2 + -1 - (108 - 98))) + 7.
22
What is the value of -21 + (58 - (0 + 17))?
20
-36 + 47 + (2 - 11)
2
What is 14 + -8 + -18 + (7 - -1) + -3?
-7
12 - (12 - -6) - (0 + -20)
14
Evaluate 18 + -7 + 20 + -19 + (-4 - -3).
11
What is the value of 26 + (-12 - -9) + 2 + -15?
10
Calculate 5 + (1 - (7 - (5 + -2))) + -7.
-5
Evaluate -5 + 22 - 24 - (-1 - -1).
-7
What is (-7 - (-5 + 2)) + (16 - 16)?
-4
What is the value of 20 + (-28 - -31) + (0 - (1 + -1))?
23
Calculate 11 - 5 - 16 - -5.
-5
Evaluate -3 + 9 - (8 + -3 + (0 - -1)).
0
Calculate 19 + 1 + (15 - 30) + (10 - 0).
15
What is the value of (0 - 10) + (11 - (-33 + 18))?
16
What is the value of 1 + (-8 - 7) + 16 + -2?
0
Evaluate -8 - (97 + -81 - (12 - 2)).
-14
-1 - -7 - (25 + -11 - 9 - 11)
12
Calculate 10 + 12 + -3 - 10.
9
What is 6 + (20 + -13 - 6)?
7
Calculate (-5 - (2 - -36) - -5) + -3 + 5.
-36
What is the value of 0 - (-8 + -20 - -11)?
17
What is (0 - (-5 - ((-12 - 2) + 1))) + -2?
-10
Calculate (-56 - -49) + (0 - 9).
-16
What is the value of -10 - ((102 - 88) + (-1 - 36))?
13
Evaluate -33 + (45 + -24 - -31).
19
8 - (1 + -6 - -9)
4
Evaluate ((4 - -3) + -2 - (7 + -15)) + -4.
9
What is the value of -34 + 1 + -1505 + 1530?
-8
Calculate 21 + -12 + 0 + -7.
2
What is the value of -2 + 2 + 0 - ((-165 - -43) + 154)?
-32
What is 8 + 36 + -6 - (9 + 0)?
29
Evaluate (-12 + 3 + 8 - 4) + 12.
7
What is -28 - (0 - 12) - (-3 - (-2 - -7))?
-8
What is the value of (-5 - 2) + (-67 - -79) - 11?
-6
6 - ((4 - -29) + (-10 - -4))
-21
Evaluate 15 - ((-14 - -10) + 2).
17
What is the value of (1 + 2 - (-31 + 33)) + -16?
-15
Calculate (1 - -6) + -16 + -37 + 18.
-28
Evaluate -11 - (3 - (-7 + 19 + -7)).
-9
Calculate 36 - 26 - ((8 - 20) + 5 + -1).
18
What is the value of 17 + -15 + -4 + 16?
14
What is the value of (-42 - ((11 - 3) + -15)) + 13 + -8?
-30
What is -23 - (-3 - ((-7 - -6) + 2))?
-19
Calculate (60 - -3) + (-57 - -42) + -18.
30
Evaluate (11 - (-15 - -26)) + 13.
13
What is the value of 13 + -9 + -2 - (8 - (-5 + 17))?
6
Calculate 0 + 19 - (535 - 528).
12
Calculate -19 - (-35 - -29) - (-2 - -3).
-14
Calculate 9 - 13 - (0 + 3 + -4).
-3
What is (-19 - -64 - 32) + 13?
26
What is -12 + 11 + -5 + -6 - -2?
-10
What is 38 + -9 - (-6 - (-1 - 0 - 7))?
27
Evaluate -4 + 7 + 7 - (4 + 9).
-3
-20 - -1 - (156 - 184) - (29 + 1)
-21
What is the value of 11 + -87 - -83 - (0 + -1 + -10)?
18
Calculate -9 - (26 - (6 + 11)).
-18
(10 - 1) + (-6 - (7 + 9))
-13
Evaluate (0 - 15) + 317 + -311 + (0 - 17).
-26
Calculate 14 + -1 + (-198 - -184).
-1
-12 - (-4 + 2 + 1 + 5 + -4)
-12
Calculate (-5 + -6 - -19) + -2.
6
What is the value of -42 + 44 + (-1 - -8)?
9
What is 11 - ((-2 + 9 - (-43 - -3)) + -7)?
-29
What is 3 + -29 - (85 - 115)?
4
What is 9 - (-5 + 19 - 15)?
10
What is 19 - 16 - -11 - 26?
-12
What is -6 - (19 + -10 - 2 - (27 + 0))?
14
11 + (4 - (42 - (12 - 7)))
-22
24 + 3 + -22 - 25
-20
-10 + 39 + -16 + -25
-12
Calculate 1 + -7 - 5 - (22 + -22).
-11
What is -1 - 1 - (-17 - (-4 + -2)) - -26?
35
Calculate -14 + (23 - 8) + -8 + -7.
-14
What is 7 + 6 + -13 - 2?
-2
2 + -1 - (14 - 31 - -20)
-2
Calculate 37 - (-11 - (-33 + -1)).
14
Evaluate (0 - (-2 + -5 + -2)) + -22.
-13
What is the value of 1 - -1 - 6 - ((-8 - -6) + 8)?
-10
Calculate -5 + -2 + 0 - (394 - 398).
-3
Evaluate 13 - (6 + 2 - (20 - (3 + 6))).
16
What is the value of -19 + (-10 - -21) - (9 + 2 + -2)?
-17
Evaluate 19 + (11 - (45 - 30)).
15
Evaluate -4 - ((-6 - -8) + 5 - (-1 + 1)).
-11
What is 7 + -8 + 3 + (27 - 28)?
1
Evaluate -19 + 2 + (-203 - -207).
-13
What is (-4 - -3) + (3 - (1 + -4))?
5
What is the value of -9 + -17 + 3 + (-12 - -8) + 10?
-17
What is the value of 9 - (15 - (17 + -2 - 21))?
-12
Calculate (-11 + 8 - 11) + 16.
2
Evaluate 5 + -2 + 5 + (-55 - -50) + -28.
-25
Evaluate -107 - -106 - (-1 + -5).
5
Evaluate 4 - 11 - (2 + (-2 - 2) + -4).
-1
401 + -418 - (-5 + (1 - 0))
-13
What is the value of -73 + 80 - (2 + 25 - 3)?
-17
Evaluate -17 + 1 + (0 - (-10 + -1)) - -3.
-2
What is -3 + 4 - (-21 + 10) - 29?
-17
Calculate -3 - 1 - 1 - 1 - (13 + -15).
-4
What is 1 + -2 + -675 + 664?
-12
What is the value of 6 + -8 + -4 + (9 - -19) + 8?
30
What is 46 + -45 - (0 + 3 + 0)?
-2
Calculate 2 + 2 + (6 - 22 - -2) + 5.
-5
What is the value of (-1 + -3 - 1) + (108 - -15 - 121)?
-3
Evaluate 14 + (-9 - (-11 - (6 - 10))).
12
What is 21 - ((-15 - -1) + 26 + -15)?
24
What is 8 - ((4 - 11) + (-2 - -9))?
8
What is 12 - 17 - -3 - (0 + -8) - 3?
3
What is the value of 0 + 23 + (-19 + 70 - 44)?
30
What is the value of 24 - 32 - (18 - 16)?
-10
What is 4 - (-14 + 40 + -18)?
-4
What is (-3 - -14) + -1 + -6 + (3 - -2)?
9
What is (10 - 0) + 199 + -206?
3
What is 12 + -25 + -8 + 36?
15
What is -7 + (28 + -8 - 2) - -2?
13
Evaluate (-16 - -11) + -18 - -8.
-15
What is the value of -10 + 42 + -48 + -1 + (0 - 1)?
-18
What is 4 - (-16 + 6 - 8 - -14)?
8
What is 5 + 2 + -7 + -1?
-1
-150 + 149 - ((-2 - -1) + 17 + -4)
-13
Evaluate (-5 - (1 + -16)) + -22.
-12
What is 28 + -6 + 0 + (1 - -1)?
24
7 + (-2 - (12 + -11)) - 3
1
Calculate 0 + -20 - (18 + -30 + 4).
-12
23 - 0 - (9 + (-3 - 8) + 10)
15
Evaluate (22 - (13 + 0)) + -30 - -12.
-9
What is -1 + -24 - (96 + -151)?
30
Evaluate (-79 - -93) + (4 - (3 + -3)) + 0.
18
-245 + 289 - (0 - -27)
17
What is -6 + (3 - (0 + 3)) + (12 - -3)?
9
Calculate (-5 + 2 - -11) + -36 + 2.
-26
Evaluate -23 - -41 - (-7 + (9 - 11)).
27
Evaluate (0 - -9) + 2 + -20.
-9
-202 + 202 - (-1 - (-1 - 1)) - -4
3
Evaluate (1 - -1) + (21 - 31 - -13).
5
-11 + (9 - 0) + -1 - 7
-10
What is 143 - 136 - (10 + -1)?
-2
Calculate 0 + 1 + 23 + (29 - 33).
20
What is the value of (-10 - (-14 + 3 - (12 + -15))) + 9?
7
What is -4 - 2 - (-23 + 51)?
-34
What is the value of (1 - (-14 - -1 - -5)) + (1 - 0)?
10
Evaluate 37 + (-53 - -21 - 24).
-19
Evaluate (8 + -5 - -11 - 11) + (-1 - -2).
4
What is 6 + (-3 - -6) + (-8 - (46 - 23))?
-22
What is the value of (11 - 2) + 3 - 4?
8
What is -1 + -5 - 1 - (31 - 11 - 37)?
10
Calculate (9 - (-6 + 24 + -6)) + 10.
7
Evaluate (-15 - (-15 - 7)) + -13 + 30.
24
What is -2 - (9 + 17 + -27)?
-1
What is (2 - 2) + -6 + 2 + (-2071 - -2099)?
24
What is the value of -43 - (-71 - -42) - (1 + 1 + -1)?
-15
Calculate -3 + -6 + (5 - 9) + 20.
7
Evaluate (5 - 7) + (-14 - -11) + 5.
0
Calculate -9 + (-18 + 7 - -4) + 12.
-4
3 + -13 + (2 + 4 - -2)
-2
Evaluate -4 - (28 + -12 - (1 - -6)).
-13
What is -18 + 1 + (90 - (20 + 87))?
-34
Calculate 11 + 8 - 17 - (2 + (-2 - 4)).
6
(27 - (6 + -20 - -28)) + -13
0
Calculate 14 + 0 + -355 + 316 + 5.
-20
Evaluate (17 + 1 - 11) + -5 + (12 - -1).
15
1 - (4 - -1) - (-4 + (-11 - -3))
8
3 - 10 - 2 - (-9 - 5)
5
Evaluate -24 - 1 - (-4 - (-1 - -6)).
-16
What is (122 - 108) + -1 + 1?
14
20 + 3 + -19 + 2 + 0 + -1
5
What is the value of -854 + 886 - (1 - -46)?
-15
2 + -23 + (19 - 5)
-7
What is the value of -2 - (-2 - (-5 - (0 - 2 - 4)))?
1
30 - (22 + 10 - 26)
24
(-73 - -66) + 4 + -9 + 3 + -2
-11
What is the value of 5 - 2 - (42 + (-2 - 24))?
-13
-2 + -14 + (247 - 230)
1
What is the value of 17 + -29 + 0 - (5 - 7)?
-10
-10 + 1 + 53 + -36
8
What is th